{"id":585,"date":"2025-04-24T14:25:41","date_gmt":"2025-04-24T20:25:41","guid":{"rendered":"https:\/\/somosuacmx.com.mx\/home\/?page_id=585"},"modified":"2025-04-24T15:29:07","modified_gmt":"2025-04-24T21:29:07","slug":"recursos-de-apoyo-al-aprendizaje","status":"publish","type":"page","link":"https:\/\/somosuacmx.com.mx\/home\/recursos-de-apoyo-al-aprendizaje\/","title":{"rendered":"Recursos de apoyo al aprendizaje"},"content":{"rendered":"\n<div class=\"wp-block-uagb-container uagb-block-ec0a5bfa alignfull uagb-is-root-container\"><div class=\"uagb-container-inner-blocks-wrap\">\n<div class=\"wp-block-uagb-info-box uagb-block-f6fd26b9 uagb-infobox__content-wrap  uagb-infobox-icon-above-title uagb-infobox-image-valign-top\"><div class=\"uagb-ifb-content\"><div class=\"uagb-ifb-icon-wrap\"><svg xmlns=\"https:\/\/www.w3.org\/2000\/svg\" viewBox=\"0 0 640 512\"><path d=\"M623.1 136.9l-282.7-101.2c-13.73-4.91-28.7-4.91-42.43 0L16.05 136.9C6.438 140.4 0 149.6 0 160s6.438 19.65 16.05 23.09L76.07 204.6c-11.89 15.8-20.26 34.16-24.55 53.95C40.05 263.4 32 274.8 32 288c0 9.953 4.814 18.49 11.94 24.36l-24.83 149C17.48 471.1 25 480 34.89 480H93.11c9.887 0 17.41-8.879 15.78-18.63l-24.83-149C91.19 306.5 96 297.1 96 288c0-10.29-5.174-19.03-12.72-24.89c4.252-17.76 12.88-33.82 24.94-47.03l190.6 68.23c13.73 4.91 28.7 4.91 42.43 0l282.7-101.2C633.6 179.6 640 170.4 640 160S633.6 140.4 623.1 136.9zM351.1 314.4C341.7 318.1 330.9 320 320 320c-10.92 0-21.69-1.867-32-5.555L142.8 262.5L128 405.3C128 446.6 213.1 480 320 480c105.1 0 192-33.4 192-74.67l-14.78-142.9L351.1 314.4z\"><\/path><\/svg><\/div><div class=\"uagb-ifb-title-wrap\"><h2 class=\"uagb-ifb-title\">Encuentra aqu\u00ed un repositorio de diversos recursos que apoyar\u00e1n tu proceso de estudio aut\u00f3nomo<\/h2><\/div><p class=\"uagb-ifb-desc\">En esta secci\u00f3n de recursos de apoyo al aprendizaje, encontrar\u00e1s herramientas clave para mejorar tu proceso educativo. Desde videos sobre educaci\u00f3n y estilos de aprendizaje hasta un test interactivo para descubrir c\u00f3mo aprendes mejor, todo est\u00e1 dise\u00f1ado para potenciar tu autonom\u00eda.<\/p><\/div><\/div>\n<\/div><\/div>\n\n\n\n<div style=\"height:100px\" aria-hidden=\"true\" class=\"wp-block-spacer\"><\/div>\n\n\n\n<div class=\"wp-block-uagb-container uagb-block-135cc220 alignfull uagb-is-root-container\"><div class=\"uagb-container-inner-blocks-wrap\">\n<div class=\"wp-block-uagb-info-box uagb-block-91faa097 uagb-infobox__content-wrap  uagb-infobox-icon-above-title uagb-infobox-image-valign-top\"><div class=\"uagb-ifb-content\"><div class=\"uagb-ifb-title-wrap\"><h3 class=\"uagb-ifb-title\">Mentalidad fija vs de crecimiento<\/h3><\/div><p class=\"uagb-ifb-desc\">Hay dos tipos de mentalidades que podemos cultivar. Uno que acepta los problemas como oportunidades para aprender y uno que los evita, a menudo por miedo a fallar. \u00bfCu\u00e1l es la tuya?<\/p><\/div><\/div>\n\n\n\n<figure class=\"wp-block-embed is-type-video is-provider-youtube wp-block-embed-youtube wp-embed-aspect-16-9 wp-has-aspect-ratio\"><div class=\"wp-block-embed__wrapper\">\n<iframe loading=\"lazy\" title=\"Mentalidad Fija vs. Mentalidad de Crecimiento\" width=\"640\" height=\"360\" src=\"https:\/\/www.youtube.com\/embed\/hIeTQNHtPZc?feature=oembed\" frameborder=\"0\" allow=\"accelerometer; autoplay; clipboard-write; encrypted-media; gyroscope; picture-in-picture; web-share\" referrerpolicy=\"strict-origin-when-cross-origin\" allowfullscreen><\/iframe>\n<\/div><\/figure>\n<\/div><\/div>\n\n\n\n<div class=\"wp-block-uagb-container uagb-block-20223ba9 alignfull uagb-is-root-container\"><div class=\"uagb-container-inner-blocks-wrap\">\n<figure class=\"wp-block-embed is-type-video is-provider-youtube wp-block-embed-youtube wp-embed-aspect-16-9 wp-has-aspect-ratio\"><div class=\"wp-block-embed__wrapper\">\n<iframe loading=\"lazy\" title=\"Aprendizaje Situado | Juan Luis Hern\u00e1ndez Avenda\u00f1o | TEDxIberoPuebla\" width=\"640\" height=\"360\" src=\"https:\/\/www.youtube.com\/embed\/HINmur4-DPc?feature=oembed\" frameborder=\"0\" allow=\"accelerometer; autoplay; clipboard-write; encrypted-media; gyroscope; picture-in-picture; web-share\" referrerpolicy=\"strict-origin-when-cross-origin\" allowfullscreen><\/iframe> \n<\/div><\/figure>\n\n\n\n<div class=\"wp-block-uagb-info-box uagb-block-7a643021 uagb-infobox__content-wrap  uagb-infobox-icon-above-title uagb-infobox-image-valign-top\"><div class=\"uagb-ifb-content\"><div class=\"uagb-ifb-title-wrap\"><h3 class=\"uagb-ifb-title\">Aprendizaje situado<\/h3><\/div><p class=\"uagb-ifb-desc\">Descubre el aprendizaje situado con Juan Luis Hern\u00e1ndez en su charla TEDx. Una reflexi\u00f3n innovadora sobre educaci\u00f3n y realidad social.<\/p><\/div><\/div>\n<\/div><\/div>\n\n\n\n<div class=\"wp-block-uagb-container uagb-block-fa4284a8 alignfull uagb-is-root-container\"><div class=\"uagb-container-inner-blocks-wrap\">\n<div class=\"wp-block-uagb-info-box uagb-block-d570c8c3 uagb-infobox__content-wrap  uagb-infobox-icon-above-title uagb-infobox-image-valign-top\"><div class=\"uagb-ifb-content\"><div class=\"uagb-ifb-title-wrap\"><h3 class=\"uagb-ifb-title\">Profec\u00eda autocumplida<\/h3><\/div><p class=\"uagb-ifb-desc\">Descubre c\u00f3mo las expectativas pueden transformar vidas en el video &#8216;Efecto Pigmali\u00f3n&#8217; de Escuela para Educadores. Una reflexi\u00f3n esencial para educadores y padres.<\/p><\/div><\/div>\n\n\n\n<figure class=\"wp-block-embed is-type-video is-provider-youtube wp-block-embed-youtube wp-embed-aspect-16-9 wp-has-aspect-ratio\"><div class=\"wp-block-embed__wrapper\">\n<iframe loading=\"lazy\" title=\"Efecto Pigmali\u00f3n o profec\u00eda autocumplida\" width=\"640\" height=\"360\" src=\"https:\/\/www.youtube.com\/embed\/XwMWSUJKHYQ?feature=oembed\" frameborder=\"0\" allow=\"accelerometer; autoplay; clipboard-write; encrypted-media; gyroscope; picture-in-picture; web-share\" referrerpolicy=\"strict-origin-when-cross-origin\" allowfullscreen><\/iframe> \n<\/div><\/figure>\n<\/div><\/div>\n\n\n\n<div class=\"wp-block-uagb-container uagb-block-1e6f6ed9 alignfull uagb-is-root-container\"><div class=\"uagb-container-inner-blocks-wrap\">\n<div class=\"wp-block-uagb-info-box uagb-block-080ed81f uagb-infobox__content-wrap  uagb-infobox-icon-above-title uagb-infobox-image-valign-top\"><div class=\"uagb-ifb-content\"><div class=\"uagb-ifb-icon-wrap\"><svg xmlns=\"https:\/\/www.w3.org\/2000\/svg\" viewBox=\"0 0 640 512\"><path d=\"M592 0h-384C181.5 0 160 22.25 160 49.63V96c23.42 0 45.1 6.781 63.1 17.81V64h352v288h-64V304c0-8.838-7.164-16-16-16h-96c-8.836 0-16 7.162-16 16V352H287.3c22.07 16.48 39.54 38.5 50.76 64h253.9C618.5 416 640 393.8 640 366.4V49.63C640 22.25 618.5 0 592 0zM160 320c53.02 0 96-42.98 96-96c0-53.02-42.98-96-96-96C106.1 128 64 170.1 64 224C64 277 106.1 320 160 320zM192 352H128c-70.69 0-128 57.31-128 128c0 17.67 14.33 32 32 32h256c17.67 0 32-14.33 32-32C320 409.3 262.7 352 192 352z\"><\/path><\/svg><\/div><div class=\"uagb-ifb-title-wrap\"><h3 class=\"uagb-ifb-title\">Descubre tu Estilo de aprendizaje<\/h3><\/div><p class=\"uagb-ifb-desc\">\u00bfSab\u00edas que cada persona aprende de manera diferente?<br>Descubre tu estilo de aprendizaje con este test r\u00e1pido y pr\u00e1ctico. Los estilos de aprendizaje reflejan c\u00f3mo percibimos y procesamos la informaci\u00f3n, \u00a1Con\u00f3cete mejor y potencia tu manera de aprender!<br><em>(Extra\u00eddo d<\/em>e <a href=\"https:\/\/pruebat.org\/lo-que-debes-saber-para-aprender\/descubre-tu-estilo-de-aprendizaje\/11406-167981\">aqu\u00ed<\/a>)<\/p><\/div><\/div>\n\n\n\n <!-- Contenido  -->\n<div class=\"iframe\">\n<iframe class=\"interactivo\" src=\"https:\/\/cdn.pruebat.org\/recursos\/recursos\/html\/estilo-aprendizaje\" frameborder=\"0\" allowfullscreen=\"false\" style=\"width: 100%; border: none;\" height=\"700\">\n<\/iframe>\n<\/div>\n<!-- Fin del contenido -->\n              \n<\/div><\/div>\n","protected":false},"excerpt":{"rendered":"","protected":false},"author":1,"featured_media":0,"parent":0,"menu_order":0,"comment_status":"closed","ping_status":"closed","template":"","meta":{"_uag_custom_page_level_css":"","footnotes":""},"class_list":["post-585","page","type-page","status-publish","hentry"],"yoast_head":"<!-- This site is optimized with the Yoast SEO plugin v27.3 - https:\/\/yoast.com\/product\/yoast-seo-wordpress\/ -->\n<title>Recursos de aprendizaje: Videos y test educativos | UAO<\/title>\n<meta name=\"description\" content=\"Accede a videos sobre educaci\u00f3n y aprendizaje aut\u00f3nomo, junto con un test interactivo para descubrir tu estilo de aprendizaje.\" \/>\n<meta name=\"robots\" content=\"index, follow, max-snippet:-1, max-image-preview:large, max-video-preview:-1\" \/>\n<link rel=\"canonical\" href=\"https:\/\/somosuacmx.com.mx\/home\/recursos-de-apoyo-al-aprendizaje\/\" \/>\n<meta property=\"og:locale\" content=\"es_ES\" \/>\n<meta property=\"og:type\" content=\"article\" \/>\n<meta property=\"og:title\" content=\"Recursos de aprendizaje: Videos y test educativos | UAO\" \/>\n<meta property=\"og:description\" content=\"Accede a videos sobre educaci\u00f3n y aprendizaje aut\u00f3nomo, junto con un test interactivo para descubrir tu estilo de aprendizaje.\" \/>\n<meta property=\"og:url\" content=\"https:\/\/somosuacmx.com.mx\/home\/recursos-de-apoyo-al-aprendizaje\/\" \/>\n<meta property=\"og:site_name\" content=\"UAO\" \/>\n<meta property=\"article:modified_time\" content=\"2025-04-24T21:29:07+00:00\" \/>\n<meta property=\"og:image\" content=\"https:\/\/somosuacmx.com.mx\/home\/wp-content\/uploads\/2025\/04\/Logo-UAO-VF.jpg\" \/>\n\t<meta property=\"og:image:width\" content=\"1080\" \/>\n\t<meta property=\"og:image:height\" content=\"1080\" \/>\n\t<meta property=\"og:image:type\" content=\"image\/jpeg\" \/>\n<meta name=\"twitter:card\" content=\"summary_large_image\" \/>\n<meta name=\"twitter:label1\" content=\"Tiempo de lectura\" \/>\n\t<meta name=\"twitter:data1\" content=\"1 minuto\" \/>\n<script type=\"application\/ld+json\" class=\"yoast-schema-graph\">{\"@context\":\"https:\\\/\\\/schema.org\",\"@graph\":[{\"@type\":\"WebPage\",\"@id\":\"https:\\\/\\\/somosuacmx.com.mx\\\/home\\\/recursos-de-apoyo-al-aprendizaje\\\/\",\"url\":\"https:\\\/\\\/somosuacmx.com.mx\\\/home\\\/recursos-de-apoyo-al-aprendizaje\\\/\",\"name\":\"Recursos de aprendizaje: Videos y test educativos | UAO\",\"isPartOf\":{\"@id\":\"https:\\\/\\\/somosuacmx.com.mx\\\/home\\\/#website\"},\"datePublished\":\"2025-04-24T20:25:41+00:00\",\"dateModified\":\"2025-04-24T21:29:07+00:00\",\"description\":\"Accede a videos sobre educaci\u00f3n y aprendizaje aut\u00f3nomo, junto con un test interactivo para descubrir tu estilo de aprendizaje.\",\"breadcrumb\":{\"@id\":\"https:\\\/\\\/somosuacmx.com.mx\\\/home\\\/recursos-de-apoyo-al-aprendizaje\\\/#breadcrumb\"},\"inLanguage\":\"es\",\"potentialAction\":[{\"@type\":\"ReadAction\",\"target\":[\"https:\\\/\\\/somosuacmx.com.mx\\\/home\\\/recursos-de-apoyo-al-aprendizaje\\\/\"]}]},{\"@type\":\"BreadcrumbList\",\"@id\":\"https:\\\/\\\/somosuacmx.com.mx\\\/home\\\/recursos-de-apoyo-al-aprendizaje\\\/#breadcrumb\",\"itemListElement\":[{\"@type\":\"ListItem\",\"position\":1,\"name\":\"Portada\",\"item\":\"https:\\\/\\\/somosuacmx.com.mx\\\/home\\\/\"},{\"@type\":\"ListItem\",\"position\":2,\"name\":\"Recursos de apoyo al aprendizaje\"}]},{\"@type\":\"WebSite\",\"@id\":\"https:\\\/\\\/somosuacmx.com.mx\\\/home\\\/#website\",\"url\":\"https:\\\/\\\/somosuacmx.com.mx\\\/home\\\/\",\"name\":\"Somos UAC\",\"description\":\"Unidad Acad&eacute;mica de Occidente\",\"publisher\":{\"@id\":\"https:\\\/\\\/somosuacmx.com.mx\\\/home\\\/#organization\"},\"potentialAction\":[{\"@type\":\"SearchAction\",\"target\":{\"@type\":\"EntryPoint\",\"urlTemplate\":\"https:\\\/\\\/somosuacmx.com.mx\\\/home\\\/?s={search_term_string}\"},\"query-input\":{\"@type\":\"PropertyValueSpecification\",\"valueRequired\":true,\"valueName\":\"search_term_string\"}}],\"inLanguage\":\"es\"},{\"@type\":\"Organization\",\"@id\":\"https:\\\/\\\/somosuacmx.com.mx\\\/home\\\/#organization\",\"name\":\"Unidad Acad\u00e9mica de Occidente\",\"url\":\"https:\\\/\\\/somosuacmx.com.mx\\\/home\\\/\",\"logo\":{\"@type\":\"ImageObject\",\"inLanguage\":\"es\",\"@id\":\"https:\\\/\\\/somosuacmx.com.mx\\\/home\\\/#\\\/schema\\\/logo\\\/image\\\/\",\"url\":\"https:\\\/\\\/somosuacmx.com.mx\\\/home\\\/wp-content\\\/uploads\\\/2024\\\/11\\\/logo_blanco.jpg\",\"contentUrl\":\"https:\\\/\\\/somosuacmx.com.mx\\\/home\\\/wp-content\\\/uploads\\\/2024\\\/11\\\/logo_blanco.jpg\",\"width\":1080,\"height\":1080,\"caption\":\"Unidad Acad\u00e9mica de Occidente\"},\"image\":{\"@id\":\"https:\\\/\\\/somosuacmx.com.mx\\\/home\\\/#\\\/schema\\\/logo\\\/image\\\/\"}}]}<\/script>\n<!-- \/ Yoast SEO plugin. -->","yoast_head_json":{"title":"Recursos de aprendizaje: Videos y test educativos | UAO","description":"Accede a videos sobre educaci\u00f3n y aprendizaje aut\u00f3nomo, junto con un test interactivo para descubrir tu estilo de aprendizaje.","robots":{"index":"index","follow":"follow","max-snippet":"max-snippet:-1","max-image-preview":"max-image-preview:large","max-video-preview":"max-video-preview:-1"},"canonical":"https:\/\/somosuacmx.com.mx\/home\/recursos-de-apoyo-al-aprendizaje\/","og_locale":"es_ES","og_type":"article","og_title":"Recursos de aprendizaje: Videos y test educativos | UAO","og_description":"Accede a videos sobre educaci\u00f3n y aprendizaje aut\u00f3nomo, junto con un test interactivo para descubrir tu estilo de aprendizaje.","og_url":"https:\/\/somosuacmx.com.mx\/home\/recursos-de-apoyo-al-aprendizaje\/","og_site_name":"UAO","article_modified_time":"2025-04-24T21:29:07+00:00","og_image":[{"width":1080,"height":1080,"url":"https:\/\/somosuacmx.com.mx\/home\/wp-content\/uploads\/2025\/04\/Logo-UAO-VF.jpg","type":"image\/jpeg"}],"twitter_card":"summary_large_image","twitter_misc":{"Tiempo de lectura":"1 minuto"},"schema":{"@context":"https:\/\/schema.org","@graph":[{"@type":"WebPage","@id":"https:\/\/somosuacmx.com.mx\/home\/recursos-de-apoyo-al-aprendizaje\/","url":"https:\/\/somosuacmx.com.mx\/home\/recursos-de-apoyo-al-aprendizaje\/","name":"Recursos de aprendizaje: Videos y test educativos | UAO","isPartOf":{"@id":"https:\/\/somosuacmx.com.mx\/home\/#website"},"datePublished":"2025-04-24T20:25:41+00:00","dateModified":"2025-04-24T21:29:07+00:00","description":"Accede a videos sobre educaci\u00f3n y aprendizaje aut\u00f3nomo, junto con un test interactivo para descubrir tu estilo de aprendizaje.","breadcrumb":{"@id":"https:\/\/somosuacmx.com.mx\/home\/recursos-de-apoyo-al-aprendizaje\/#breadcrumb"},"inLanguage":"es","potentialAction":[{"@type":"ReadAction","target":["https:\/\/somosuacmx.com.mx\/home\/recursos-de-apoyo-al-aprendizaje\/"]}]},{"@type":"BreadcrumbList","@id":"https:\/\/somosuacmx.com.mx\/home\/recursos-de-apoyo-al-aprendizaje\/#breadcrumb","itemListElement":[{"@type":"ListItem","position":1,"name":"Portada","item":"https:\/\/somosuacmx.com.mx\/home\/"},{"@type":"ListItem","position":2,"name":"Recursos de apoyo al aprendizaje"}]},{"@type":"WebSite","@id":"https:\/\/somosuacmx.com.mx\/home\/#website","url":"https:\/\/somosuacmx.com.mx\/home\/","name":"Somos UAC","description":"Unidad Acad&eacute;mica de Occidente","publisher":{"@id":"https:\/\/somosuacmx.com.mx\/home\/#organization"},"potentialAction":[{"@type":"SearchAction","target":{"@type":"EntryPoint","urlTemplate":"https:\/\/somosuacmx.com.mx\/home\/?s={search_term_string}"},"query-input":{"@type":"PropertyValueSpecification","valueRequired":true,"valueName":"search_term_string"}}],"inLanguage":"es"},{"@type":"Organization","@id":"https:\/\/somosuacmx.com.mx\/home\/#organization","name":"Unidad Acad\u00e9mica de Occidente","url":"https:\/\/somosuacmx.com.mx\/home\/","logo":{"@type":"ImageObject","inLanguage":"es","@id":"https:\/\/somosuacmx.com.mx\/home\/#\/schema\/logo\/image\/","url":"https:\/\/somosuacmx.com.mx\/home\/wp-content\/uploads\/2024\/11\/logo_blanco.jpg","contentUrl":"https:\/\/somosuacmx.com.mx\/home\/wp-content\/uploads\/2024\/11\/logo_blanco.jpg","width":1080,"height":1080,"caption":"Unidad Acad\u00e9mica de Occidente"},"image":{"@id":"https:\/\/somosuacmx.com.mx\/home\/#\/schema\/logo\/image\/"}}]}},"uagb_featured_image_src":{"full":false,"thumbnail":false,"medium":false,"medium_large":false,"large":false,"1536x1536":false,"2048x2048":false,"post-thumbnail":false},"uagb_author_info":{"display_name":"admin","author_link":"https:\/\/somosuacmx.com.mx\/home\/author\/admin\/"},"uagb_comment_info":0,"uagb_excerpt":null,"_links":{"self":[{"href":"https:\/\/somosuacmx.com.mx\/home\/wp-json\/wp\/v2\/pages\/585","targetHints":{"allow":["GET"]}}],"collection":[{"href":"https:\/\/somosuacmx.com.mx\/home\/wp-json\/wp\/v2\/pages"}],"about":[{"href":"https:\/\/somosuacmx.com.mx\/home\/wp-json\/wp\/v2\/types\/page"}],"author":[{"embeddable":true,"href":"https:\/\/somosuacmx.com.mx\/home\/wp-json\/wp\/v2\/users\/1"}],"replies":[{"embeddable":true,"href":"https:\/\/somosuacmx.com.mx\/home\/wp-json\/wp\/v2\/comments?post=585"}],"version-history":[{"count":2,"href":"https:\/\/somosuacmx.com.mx\/home\/wp-json\/wp\/v2\/pages\/585\/revisions"}],"predecessor-version":[{"id":614,"href":"https:\/\/somosuacmx.com.mx\/home\/wp-json\/wp\/v2\/pages\/585\/revisions\/614"}],"wp:attachment":[{"href":"https:\/\/somosuacmx.com.mx\/home\/wp-json\/wp\/v2\/media?parent=585"}],"curies":[{"name":"wp","href":"https:\/\/api.w.org\/{rel}","templated":true}]}}