{"id":334,"date":"2024-05-23T01:59:36","date_gmt":"2024-05-23T07:59:36","guid":{"rendered":"https:\/\/somosuacmx.com.mx\/home\/?page_id=334"},"modified":"2024-05-23T02:09:15","modified_gmt":"2024-05-23T08:09:15","slug":"perfil-de-ingreso","status":"publish","type":"page","link":"https:\/\/somosuacmx.com.mx\/home\/perfiles\/perfil-de-ingreso\/","title":{"rendered":"Perfil de ingreso"},"content":{"rendered":"\n<p>Con base en el modelo educativo de la Nueva Escuela Mexicana (NEM), las y los aspirantes al Bachillerato Virtual requieren poseer las siguientes <em>caracter\u00edsticas<\/em>:<\/p>\n\n\n\n<ul class=\"wp-block-list\">\n<li>Personas que cuenten con el certificado de estudios de Secundaria, v\u00e1lido y original.<\/li>\n\n\n\n<li>Personas que inician o retoman sus estudios de nivel medio superior sin importar su edad.<\/li>\n\n\n\n<li>Personas con discapacidad, que viven en el extranjero, a quienes retornan a M\u00e9xico, y aquellas que, por diversas razones, no pudieron continuar sus estudios en la modalidad escolarizada.<\/li>\n<\/ul>\n\n\n\n<p><em>Competencias b\u00e1sicas<\/em>:<\/p>\n\n\n\n<ul class=\"wp-block-list\">\n<li>Autonom\u00eda para su aprendizaje.<\/li>\n\n\n\n<li>Autogesti\u00f3n personal.<\/li>\n\n\n\n<li>Habilidades para el uso de herramientas inform\u00e1ticas b\u00e1sicas para estudiar en l\u00ednea (procesador de texto, navegaci\u00f3n por Internet, correo electr\u00f3nico, entre otras).<\/li>\n\n\n\n<li>Capacidad de an\u00e1lisis y s\u00edntesis.<\/li>\n\n\n\n<li>Trabajo colaborativo.<\/li>\n\n\n\n<li>Actitud proactiva.<\/li>\n\n\n\n<li>Pensamiento cr\u00edtico.<\/li>\n<\/ul>\n","protected":false},"excerpt":{"rendered":"<p>Con base en el modelo educativo de la Nueva Escuela Mexicana (NEM), las y los aspirantes al Bachillerato Virtual requieren poseer las siguientes caracter\u00edsticas: Competencias b\u00e1sicas:<\/p>\n","protected":false},"author":1,"featured_media":0,"parent":339,"menu_order":0,"comment_status":"closed","ping_status":"closed","template":"","meta":{"_uag_custom_page_level_css":"","footnotes":""},"class_list":["post-334","page","type-page","status-publish","hentry"],"yoast_head":"<!-- This site is optimized with the Yoast SEO plugin v27.3 - https:\/\/yoast.com\/product\/yoast-seo-wordpress\/ -->\n<title>Perfil de ingreso - UAO<\/title>\n<meta name=\"robots\" content=\"index, follow, max-snippet:-1, max-image-preview:large, max-video-preview:-1\" \/>\n<link rel=\"canonical\" href=\"https:\/\/somosuacmx.com.mx\/home\/perfiles\/perfil-de-ingreso\/\" \/>\n<meta property=\"og:locale\" content=\"es_ES\" \/>\n<meta property=\"og:type\" content=\"article\" \/>\n<meta property=\"og:title\" content=\"Perfil de ingreso - UAO\" \/>\n<meta property=\"og:description\" content=\"Con base en el modelo educativo de la Nueva Escuela Mexicana (NEM), las y los aspirantes al Bachillerato Virtual requieren poseer las siguientes caracter\u00edsticas: Competencias b\u00e1sicas:\" \/>\n<meta property=\"og:url\" content=\"https:\/\/somosuacmx.com.mx\/home\/perfiles\/perfil-de-ingreso\/\" \/>\n<meta property=\"og:site_name\" content=\"UAO\" \/>\n<meta property=\"article:modified_time\" content=\"2024-05-23T08:09:15+00:00\" \/>\n<meta property=\"og:image\" content=\"https:\/\/somosuacmx.com.mx\/home\/wp-content\/uploads\/2025\/04\/Logo-UAO-VF.jpg\" \/>\n\t<meta property=\"og:image:width\" content=\"1080\" \/>\n\t<meta property=\"og:image:height\" content=\"1080\" \/>\n\t<meta property=\"og:image:type\" content=\"image\/jpeg\" \/>\n<meta name=\"twitter:card\" content=\"summary_large_image\" \/>\n<meta name=\"twitter:label1\" content=\"Tiempo de lectura\" \/>\n\t<meta name=\"twitter:data1\" content=\"1 minuto\" \/>\n<script type=\"application\/ld+json\" class=\"yoast-schema-graph\">{\"@context\":\"https:\\\/\\\/schema.org\",\"@graph\":[{\"@type\":\"WebPage\",\"@id\":\"https:\\\/\\\/somosuacmx.com.mx\\\/home\\\/perfiles\\\/perfil-de-ingreso\\\/\",\"url\":\"https:\\\/\\\/somosuacmx.com.mx\\\/home\\\/perfiles\\\/perfil-de-ingreso\\\/\",\"name\":\"Perfil de ingreso - UAO\",\"isPartOf\":{\"@id\":\"https:\\\/\\\/somosuacmx.com.mx\\\/home\\\/#website\"},\"datePublished\":\"2024-05-23T07:59:36+00:00\",\"dateModified\":\"2024-05-23T08:09:15+00:00\",\"breadcrumb\":{\"@id\":\"https:\\\/\\\/somosuacmx.com.mx\\\/home\\\/perfiles\\\/perfil-de-ingreso\\\/#breadcrumb\"},\"inLanguage\":\"es\",\"potentialAction\":[{\"@type\":\"ReadAction\",\"target\":[\"https:\\\/\\\/somosuacmx.com.mx\\\/home\\\/perfiles\\\/perfil-de-ingreso\\\/\"]}]},{\"@type\":\"BreadcrumbList\",\"@id\":\"https:\\\/\\\/somosuacmx.com.mx\\\/home\\\/perfiles\\\/perfil-de-ingreso\\\/#breadcrumb\",\"itemListElement\":[{\"@type\":\"ListItem\",\"position\":1,\"name\":\"Portada\",\"item\":\"https:\\\/\\\/somosuacmx.com.mx\\\/home\\\/\"},{\"@type\":\"ListItem\",\"position\":2,\"name\":\"Perfiles\",\"item\":\"https:\\\/\\\/somosuacmx.com.mx\\\/home\\\/perfiles\\\/\"},{\"@type\":\"ListItem\",\"position\":3,\"name\":\"Perfil de ingreso\"}]},{\"@type\":\"WebSite\",\"@id\":\"https:\\\/\\\/somosuacmx.com.mx\\\/home\\\/#website\",\"url\":\"https:\\\/\\\/somosuacmx.com.mx\\\/home\\\/\",\"name\":\"Somos UAC\",\"description\":\"Unidad Acad&eacute;mica de Occidente\",\"publisher\":{\"@id\":\"https:\\\/\\\/somosuacmx.com.mx\\\/home\\\/#organization\"},\"potentialAction\":[{\"@type\":\"SearchAction\",\"target\":{\"@type\":\"EntryPoint\",\"urlTemplate\":\"https:\\\/\\\/somosuacmx.com.mx\\\/home\\\/?s={search_term_string}\"},\"query-input\":{\"@type\":\"PropertyValueSpecification\",\"valueRequired\":true,\"valueName\":\"search_term_string\"}}],\"inLanguage\":\"es\"},{\"@type\":\"Organization\",\"@id\":\"https:\\\/\\\/somosuacmx.com.mx\\\/home\\\/#organization\",\"name\":\"Unidad Acad\u00e9mica de Occidente\",\"url\":\"https:\\\/\\\/somosuacmx.com.mx\\\/home\\\/\",\"logo\":{\"@type\":\"ImageObject\",\"inLanguage\":\"es\",\"@id\":\"https:\\\/\\\/somosuacmx.com.mx\\\/home\\\/#\\\/schema\\\/logo\\\/image\\\/\",\"url\":\"https:\\\/\\\/somosuacmx.com.mx\\\/home\\\/wp-content\\\/uploads\\\/2024\\\/11\\\/logo_blanco.jpg\",\"contentUrl\":\"https:\\\/\\\/somosuacmx.com.mx\\\/home\\\/wp-content\\\/uploads\\\/2024\\\/11\\\/logo_blanco.jpg\",\"width\":1080,\"height\":1080,\"caption\":\"Unidad Acad\u00e9mica de Occidente\"},\"image\":{\"@id\":\"https:\\\/\\\/somosuacmx.com.mx\\\/home\\\/#\\\/schema\\\/logo\\\/image\\\/\"}}]}<\/script>\n<!-- \/ Yoast SEO plugin. -->","yoast_head_json":{"title":"Perfil de ingreso - UAO","robots":{"index":"index","follow":"follow","max-snippet":"max-snippet:-1","max-image-preview":"max-image-preview:large","max-video-preview":"max-video-preview:-1"},"canonical":"https:\/\/somosuacmx.com.mx\/home\/perfiles\/perfil-de-ingreso\/","og_locale":"es_ES","og_type":"article","og_title":"Perfil de ingreso - UAO","og_description":"Con base en el modelo educativo de la Nueva Escuela Mexicana (NEM), las y los aspirantes al Bachillerato Virtual requieren poseer las siguientes caracter\u00edsticas: Competencias b\u00e1sicas:","og_url":"https:\/\/somosuacmx.com.mx\/home\/perfiles\/perfil-de-ingreso\/","og_site_name":"UAO","article_modified_time":"2024-05-23T08:09:15+00:00","og_image":[{"width":1080,"height":1080,"url":"https:\/\/somosuacmx.com.mx\/home\/wp-content\/uploads\/2025\/04\/Logo-UAO-VF.jpg","type":"image\/jpeg"}],"twitter_card":"summary_large_image","twitter_misc":{"Tiempo de lectura":"1 minuto"},"schema":{"@context":"https:\/\/schema.org","@graph":[{"@type":"WebPage","@id":"https:\/\/somosuacmx.com.mx\/home\/perfiles\/perfil-de-ingreso\/","url":"https:\/\/somosuacmx.com.mx\/home\/perfiles\/perfil-de-ingreso\/","name":"Perfil de ingreso - UAO","isPartOf":{"@id":"https:\/\/somosuacmx.com.mx\/home\/#website"},"datePublished":"2024-05-23T07:59:36+00:00","dateModified":"2024-05-23T08:09:15+00:00","breadcrumb":{"@id":"https:\/\/somosuacmx.com.mx\/home\/perfiles\/perfil-de-ingreso\/#breadcrumb"},"inLanguage":"es","potentialAction":[{"@type":"ReadAction","target":["https:\/\/somosuacmx.com.mx\/home\/perfiles\/perfil-de-ingreso\/"]}]},{"@type":"BreadcrumbList","@id":"https:\/\/somosuacmx.com.mx\/home\/perfiles\/perfil-de-ingreso\/#breadcrumb","itemListElement":[{"@type":"ListItem","position":1,"name":"Portada","item":"https:\/\/somosuacmx.com.mx\/home\/"},{"@type":"ListItem","position":2,"name":"Perfiles","item":"https:\/\/somosuacmx.com.mx\/home\/perfiles\/"},{"@type":"ListItem","position":3,"name":"Perfil de ingreso"}]},{"@type":"WebSite","@id":"https:\/\/somosuacmx.com.mx\/home\/#website","url":"https:\/\/somosuacmx.com.mx\/home\/","name":"Somos UAC","description":"Unidad Acad&eacute;mica de Occidente","publisher":{"@id":"https:\/\/somosuacmx.com.mx\/home\/#organization"},"potentialAction":[{"@type":"SearchAction","target":{"@type":"EntryPoint","urlTemplate":"https:\/\/somosuacmx.com.mx\/home\/?s={search_term_string}"},"query-input":{"@type":"PropertyValueSpecification","valueRequired":true,"valueName":"search_term_string"}}],"inLanguage":"es"},{"@type":"Organization","@id":"https:\/\/somosuacmx.com.mx\/home\/#organization","name":"Unidad Acad\u00e9mica de Occidente","url":"https:\/\/somosuacmx.com.mx\/home\/","logo":{"@type":"ImageObject","inLanguage":"es","@id":"https:\/\/somosuacmx.com.mx\/home\/#\/schema\/logo\/image\/","url":"https:\/\/somosuacmx.com.mx\/home\/wp-content\/uploads\/2024\/11\/logo_blanco.jpg","contentUrl":"https:\/\/somosuacmx.com.mx\/home\/wp-content\/uploads\/2024\/11\/logo_blanco.jpg","width":1080,"height":1080,"caption":"Unidad Acad\u00e9mica de Occidente"},"image":{"@id":"https:\/\/somosuacmx.com.mx\/home\/#\/schema\/logo\/image\/"}}]}},"uagb_featured_image_src":{"full":false,"thumbnail":false,"medium":false,"medium_large":false,"large":false,"1536x1536":false,"2048x2048":false,"post-thumbnail":false},"uagb_author_info":{"display_name":"admin","author_link":"https:\/\/somosuacmx.com.mx\/home\/author\/admin\/"},"uagb_comment_info":0,"uagb_excerpt":"Con base en el modelo educativo de la Nueva Escuela Mexicana (NEM), las y los aspirantes al Bachillerato Virtual requieren poseer las siguientes caracter\u00edsticas: Competencias b\u00e1sicas:","_links":{"self":[{"href":"https:\/\/somosuacmx.com.mx\/home\/wp-json\/wp\/v2\/pages\/334","targetHints":{"allow":["GET"]}}],"collection":[{"href":"https:\/\/somosuacmx.com.mx\/home\/wp-json\/wp\/v2\/pages"}],"about":[{"href":"https:\/\/somosuacmx.com.mx\/home\/wp-json\/wp\/v2\/types\/page"}],"author":[{"embeddable":true,"href":"https:\/\/somosuacmx.com.mx\/home\/wp-json\/wp\/v2\/users\/1"}],"replies":[{"embeddable":true,"href":"https:\/\/somosuacmx.com.mx\/home\/wp-json\/wp\/v2\/comments?post=334"}],"version-history":[{"count":0,"href":"https:\/\/somosuacmx.com.mx\/home\/wp-json\/wp\/v2\/pages\/334\/revisions"}],"up":[{"embeddable":true,"href":"https:\/\/somosuacmx.com.mx\/home\/wp-json\/wp\/v2\/pages\/339"}],"wp:attachment":[{"href":"https:\/\/somosuacmx.com.mx\/home\/wp-json\/wp\/v2\/media?parent=334"}],"curies":[{"name":"wp","href":"https:\/\/api.w.org\/{rel}","templated":true}]}}